or of c and d?
13
Suppose 0 = 5*q + 4*t - 948 + 2483, 0 = -4*t + 20. Let r = -131 - q. What is the highest common divisor of 9 and r?
9
Suppose 0 = 2*w - 3*f - 12 + 5, -2*f - 2 = -w. Let k be w/((-56)/(-1911)) + 7. What is the highest common factor of k and 70?
70
Suppose 2*n - 3 - 1 = -4*o, -4*n - 2*o = -8. Let m be (1/2)/(-1*5/(-20)). Suppose 6*j + m*j = 48. Calculate the highest common factor of n and j.
2
Suppose -4*m + 2*s = 54, 0*s = 3*m + 5*s + 21. Let v(d) = -d**2 - 2*d + 128. Let j be v(m). Calculate the greatest common divisor of j and 472.
8
Let i = -157 + 170. Suppose 0 = -28*v + 6338 + 9314. What is the highest common factor of v and i?
13
Let n = -98 - -96. Let s be ((-27)/(-63)*-1)/(n/14). Calculate the greatest common divisor of 7 and s.
1
Let a be 119/(-56)*8 - -79. What is the highest common divisor of a and 5022?
62
Suppose 0 = -21*o + 2*o - 247. Let p be (0 - -8) + o + 255. What is the highest common factor of p and 50?
50
Suppose 18 = 5*i - 147. Let n be (-71)/(6/(-27) + i/27). Let f = n - -111. What is the highest common factor of 5 and f?
5
Suppose 0 = 4*m + 3*z - 7532, -17*m + 18*m - 5*z = 1883. Calculate the highest common divisor of m and 2152.
269
Suppose 2*d - 2*t - 8 = 0, -5*d + 10 = 2*t + 3*t. Suppose -d*b + 6 + 54 = 0. Suppose 56*k - 66*k + 50 = 0. What is the greatest common divisor of b and k?
5
Suppose 111*k - 41355 - 177833 + 58349 = 0. Calculate the greatest common factor of k and 4.
1
Let o = -295 - -305. Suppose -o + 44 = q. Calculate the highest common factor of q and 34.
34
Let u be -18*4/(-5 - 3). Suppose -u*h + 6*h + 78 = 0. Calculate the greatest common divisor of h and 208.
26
Let s = 27755 - 27723. What is the highest common factor of s and 82?
2
Let g be (-8 - 4)/(-3)*1452/(-16). Let u be g/22*(-12)/9. Suppose -144 = -2*l - 4*j, 5*l - 3*j - 318 = j. What is the highest common factor of u and l?
22
Let t be (-21)/63 + (2 - (-183)/9). Let v be (3 - 6)*(-154)/6. What is the greatest common factor of v and t?
11
Suppose 0 = -0*u - 25*u + 225. Suppose 14 = -u*z + 95. Calculate the greatest common divisor of z and 72.
9
Suppose -2*k + 180 = k. Let o = -4208 + 4268. What is the highest common divisor of k and o?
60
Let a(n) = -2*n**3 - 28*n**2 + 2*n + 22. Let x be a(-14). Let w be (-54)/(-6) + x/3. Calculate the highest common divisor of w and 413.
7
Suppose 5 + 31 = -9*j. Let l(a) = a**3 + 8*a**2 + 3*a + 17. Let n be l(j). Calculate the greatest common factor of n and 3.
3
Let p(c) = -c**2 + c + 64. Let y be p(8). Let n be y + -5 - (-75 + (4 - 1)). What is the highest common factor of n and 150?
75
Let d(z) = z**2 + 25*z - 1052. Let y be d(24). Calculate the highest common factor of y and 3813.
31
Let n be 4/(4/(-3)) + 8. Suppose i + n*d = 27, -i + 83 = -4*d + 11. Suppose -2 = -2*m + i. What is the highest common divisor of 3 and m?
3
Let j be 6/(-2) - (4 + -9). Suppose 82 = j*d + 2. Let a = -4055 - -4375. What is the highest common divisor of a and d?
40
Suppose -240 = 40*l - 87*l + 42*l. Calculate the greatest common divisor of l and 64704.
48
Let o(t) = 4*t + 8. Let s be o(1). Suppose 4*z - 10*z = -s. What is the highest common factor of z and 38?
2
Suppose 0 = -6*r + 24*r + 9*r - 4455. Calculate the greatest common divisor of r and 645.
15
Let q be (-4)/(-28) + 40/14 + -1. Let m(r) = 62*r - 44. Let f be m(q). Calculate the highest common divisor of f and 10.
10
Let k(y) = -y**2 - 10*y - 4. Let j be k(-8). Let c(v) = v**2 + 37*v - 84. Let o be c(-40). What is the highest common factor of o and j?
12
Let m = -24540 - -24620. What is the highest common divisor of m and 1780?
20
Suppose -75*v + 6839 = 1739. What is the highest common factor of 24 and v?
4
Suppose 0 = -0*q + 4*q - 448. Let a = 216 + -210. Suppose -2*x - q = -a*x. What is the greatest common divisor of 42 and x?
14
Let l(v) = 226*v + 6822. Let h be l(-30). What is the greatest common factor of h and 3318?
42
Suppose -5*v + 26 + 4 = 0. Suppose 111 = l - 273. Let b be ((-9)/v)/((-8)/l). What is the highest common divisor of 24 and b?
24
Suppose -4175 = -15*t + 2590. Calculate the greatest common factor of 341 and t.
11
Let z(q) = -101*q**2 + 1818*q + 54. Let u be z(18). Let c be (52/(-6))/(2/(-81)). What is the greatest common divisor of c and u?
27
Let s = 100 - 54. Let c = 755538 + -755009. What is the highest common factor of c and s?
23
Suppose -3*o = 5*j - 216 - 202, -163 = -2*j + 3*o. What is the highest common divisor of j and 664?
83
Let f be ((108/(-3))/6)/(3/(-6)). Suppose 4*m = i - 178, 3*i + m - 2*m - 578 = 0. Suppose 5*q - i - 46 = 0. Calculate the greatest common divisor of q and f.
12
Let k = 83 - 80. Suppose 0 = -k*d + 82 - 46. Calculate the greatest common divisor of 32 and d.
4
Let k = 35792 - 26024. What is the greatest common divisor of k and 1320?
264
Let a be (-22)/(-132) - 343/6. Let g be (-1 + a)/((-4)/20*5). What is the highest common factor of g and 145?
29
Suppose 0 = -0*r + r - 3. Let n = r - -10. Let u be 26/2*27/3. Calculate the highest common factor of n and u.
13
Let i be (6/4)/(-2 - (-385)/194). Let c = i + 154. Calculate the greatest common divisor of 3 and c.
3
Let c be (-17 + 2)*(-216)/60. Let d be (-2)/(-9) + 2/c*534. Suppose 0*l - 240 = -3*l. Calculate the greatest common divisor of d and l.
20
Suppose 441*y = 439*y + 400. Let w = 238 - 163. What is the greatest common divisor of w and y?
25
Let g be (-14)/(6 - 5 - (-22)/(-18)). Let o = g - -15. What is the highest common factor of o and 104?
26
Suppose -f = -4*o + 557, -4*f + 5*o = -55 + 2250. Let b = -383 - f. What is the highest common divisor of b and 18?
18
Let o = 24209 - 24200. Calculate the greatest common factor of o and 2367.
9
Suppose -3*p + s + 49 = -37, 0 = -2*p - 4*s + 48. Suppose -742 = -7*q + 434. Calculate the greatest common divisor of q and p.
28
Suppose -6*c - 42 = -102. Let n(o) = -o - 6. Let i(h) = -2*h - 11. Let l(p) = c*n(p) - 6*i(p). Let f be l(2). What is the highest common divisor of f and 80?
10
Let b be 7*48/84 + 4316/4. Calculate the greatest common factor of 247 and b.
19
Let l(f) = 8*f**2 + 3*f - 5. Suppose 0 = -3*y + 2*c - 22, 26 = -3*y + 2*c + 2*c. Let n be l(y). What is the greatest common factor of n and 53?
53
Suppose h - k = -3, 0 = 3*h + 2*k + k - 9. Suppose h = a + a - 10. Let w be a + -15*75/(-9). Calculate the greatest common divisor of 52 and w.
26
Suppose -3*m + 0*g + 182 = g, 3*m - 167 = 2*g. Let n = -4093 - -4185. Let a = n - m. Calculate the greatest common divisor of a and 66.
33
Let i be (1 - (-6)/6)*2. Suppose i*w = 437 - 269. What is the highest common divisor of 12 and w?
6
Suppose -8*i - 72 + 16 = 0. Let c(h) = h**2 + 5*h - 5. Let u be c(i). What is the highest common divisor of 225 and u?
9
Let l = 306 + -135. Let p be l/33 + 2 - 18/99. Suppose 0 = 4*v - 62 + 6. What is the highest common factor of p and v?
7
Suppose -10*f + 20131 = -22029. Calculate the greatest common divisor of 62 and f.
62
Let u(t) = -7*t**3 - 12*t**2 + 17*t + 9. Suppose 23 - 191 = 28*s. Let k be u(s). What is the greatest common divisor of 21 and k?
21
Let h(y) = -204*y + 4295. Let r be h(10). What is the highest common divisor of r and 715?
55
Let j be (1/(1/2))/((174/16896)/29). Calculate the highest common factor of j and 44.
44
Suppose 0 = 3*i + 3*t - 15, -2*t + 10 = -4*i - 0*t. Suppose -37*c + 5*c + 1472 = i. Calculate the greatest common factor of 161 and c.
23
Let i be 209/5 - 6/(-30). Let v be (71 - 95)/(12/(-56)). Calculate the greatest common divisor of v and i.
14
Let n be -7 - (-456)/64 - (-478)/16. Let m = 779 - 644. Calculate the highest common divisor of m and n.
15
Let l be ((-2)/(-2)*26)/(8*(-28)/(-11648)). What is the highest common factor of l and 1092?
52
Let p be 5 - (-2)/(-2) - -6*(-30)/(-12). Calculate the greatest common factor of 18164 and p.
19
Suppose -56*v - 1392 = 960. Let n = 89 + -37. Let s = v + n. Calculate the greatest common divisor of s and 2.
2
Let a be (2/(-6))/((-4)/84). Suppose 0 = -a*c - 4 + 18. What is the greatest common divisor of 32 and c?
2
Let c = 13 - -15. Suppose -30 = -5*o, s - 591*o = -594*o + 438. What is the greatest common divisor of c and s?
28
Let l(a) = -a**3 - a + 102. Let n be l(0). Suppose 14*k - 16170 = -21*k. Let h = 479 - k. Calculate the greatest common divisor 